{"id":351,"date":"2023-07-03T15:07:45","date_gmt":"2023-07-03T15:07:45","guid":{"rendered":"https:\/\/prct.es\/?page_id=351"},"modified":"2025-03-09T20:27:55","modified_gmt":"2025-03-09T20:27:55","slug":"maquina-de-suelo-mira-ergo","status":"publish","type":"page","link":"https:\/\/prct.es\/?page_id=351","title":{"rendered":"MIRA ERGO"},"content":{"rendered":"<div class=\"wp-block-image\">\n<figure class=\"aligncenter size-full is-resized\"><a href=\"https:\/\/prct.es\/?page_id=347\" target=\"_blank\" rel=\" noreferrer noopener\"><img fetchpriority=\"high\" decoding=\"async\" width=\"696\" height=\"873\" src=\"https:\/\/prct.es\/wp-content\/uploads\/2023\/07\/MIRA-ERGO-40-6.jpg\" alt=\"M\u00e1quina Fregadora para Suelos\" class=\"wp-image-348\" style=\"width:395px;height:auto\" srcset=\"https:\/\/prct.es\/wp-content\/uploads\/2023\/07\/MIRA-ERGO-40-6.jpg 696w, https:\/\/prct.es\/wp-content\/uploads\/2023\/07\/MIRA-ERGO-40-6-239x300.jpg 239w\" sizes=\"(max-width: 696px) 100vw, 696px\" \/><\/a><\/figure>\n<\/div>","protected":false},"excerpt":{"rendered":"<p>La nueva MIRA ERGO 40 se renueva por completo en la parte superior. Ahora tiene un mango tubular m\u00e1s tradicional lo que facilita la conducci\u00f3n de la m\u00e1quina. <\/p>\n","protected":false},"author":1,"featured_media":348,"parent":0,"menu_order":0,"comment_status":"closed","ping_status":"closed","template":"","meta":{"footnotes":""},"class_list":["post-351","page","type-page","status-publish","has-post-thumbnail","hentry"],"yoast_head":"<!-- This site is optimized with the Yoast SEO plugin v27.5 - https:\/\/yoast.com\/product\/yoast-seo-wordpress\/ -->\n<title>MIRA ERGO - PROFESSIONAL CLEANING TOOLS, SL<\/title>\n<meta name=\"description\" content=\"La nueva MIRA ERGO 40 se renueva por completo en la parte superior. Ahora tiene un mango tubular m\u00e1s tradicional lo que facilita la conducci\u00f3n de la m\u00e1quina.\" \/>\n<meta name=\"robots\" content=\"index, follow, max-snippet:-1, max-image-preview:large, max-video-preview:-1\" \/>\n<link rel=\"canonical\" href=\"https:\/\/prct.es\/?page_id=347\" \/>\n<meta property=\"og:locale\" content=\"es_ES\" \/>\n<meta property=\"og:type\" content=\"article\" \/>\n<meta property=\"og:title\" content=\"MIRA ERGO - PROFESSIONAL CLEANING TOOLS, SL\" \/>\n<meta property=\"og:description\" content=\"La nueva MIRA ERGO 40 se renueva por completo en la parte superior. Ahora tiene un mango tubular m\u00e1s tradicional lo que facilita la conducci\u00f3n de la m\u00e1quina.\" \/>\n<meta property=\"og:url\" content=\"https:\/\/prct.es\/?page_id=347\" \/>\n<meta property=\"og:site_name\" content=\"PROFESSIONAL CLEANING TOOLS, SL\" \/>\n<meta property=\"article:modified_time\" content=\"2025-03-09T20:27:55+00:00\" \/>\n<meta property=\"og:image\" content=\"https:\/\/prct.es\/wp-content\/uploads\/2023\/07\/MIRA-ERGO-40-6.jpg\" \/>\n\t<meta property=\"og:image:width\" content=\"696\" \/>\n\t<meta property=\"og:image:height\" content=\"873\" \/>\n\t<meta property=\"og:image:type\" content=\"image\/jpeg\" \/>\n<meta name=\"twitter:card\" content=\"summary_large_image\" \/>\n<meta name=\"twitter:label1\" content=\"Tiempo de lectura\" \/>\n\t<meta name=\"twitter:data1\" content=\"1 minuto\" \/>\n<script type=\"application\/ld+json\" class=\"yoast-schema-graph\">{\"@context\":\"https:\\\/\\\/schema.org\",\"@graph\":[{\"@type\":\"WebPage\",\"@id\":\"https:\\\/\\\/prct.es\\\/?page_id=351\",\"url\":\"https:\\\/\\\/prct.es\\\/?page_id=347\",\"name\":\"MIRA ERGO - PROFESSIONAL CLEANING TOOLS, SL\",\"isPartOf\":{\"@id\":\"https:\\\/\\\/prct.es\\\/#website\"},\"primaryImageOfPage\":{\"@id\":\"https:\\\/\\\/prct.es\\\/?page_id=347#primaryimage\"},\"image\":{\"@id\":\"https:\\\/\\\/prct.es\\\/?page_id=347#primaryimage\"},\"thumbnailUrl\":\"https:\\\/\\\/prct.es\\\/wp-content\\\/uploads\\\/2023\\\/07\\\/MIRA-ERGO-40-6.jpg\",\"datePublished\":\"2023-07-03T15:07:45+00:00\",\"dateModified\":\"2025-03-09T20:27:55+00:00\",\"description\":\"La nueva MIRA ERGO 40 se renueva por completo en la parte superior. Ahora tiene un mango tubular m\u00e1s tradicional lo que facilita la conducci\u00f3n de la m\u00e1quina.\",\"inLanguage\":\"es\",\"potentialAction\":[{\"@type\":\"ReadAction\",\"target\":[\"https:\\\/\\\/prct.es\\\/?page_id=347\"]}]},{\"@type\":\"ImageObject\",\"inLanguage\":\"es\",\"@id\":\"https:\\\/\\\/prct.es\\\/?page_id=347#primaryimage\",\"url\":\"https:\\\/\\\/prct.es\\\/wp-content\\\/uploads\\\/2023\\\/07\\\/MIRA-ERGO-40-6.jpg\",\"contentUrl\":\"https:\\\/\\\/prct.es\\\/wp-content\\\/uploads\\\/2023\\\/07\\\/MIRA-ERGO-40-6.jpg\",\"width\":696,\"height\":873,\"caption\":\"Fregadora de Suelos\"},{\"@type\":\"WebSite\",\"@id\":\"https:\\\/\\\/prct.es\\\/#website\",\"url\":\"https:\\\/\\\/prct.es\\\/\",\"name\":\"PROFESSIONAL CLEANING TOOLS, SL\",\"description\":\"M\u00e1quinas Fregadoras\",\"publisher\":{\"@id\":\"https:\\\/\\\/prct.es\\\/#organization\"},\"alternateName\":\"Reparaci\u00f3n M\u00e1quinas Fregadoras\",\"potentialAction\":[{\"@type\":\"SearchAction\",\"target\":{\"@type\":\"EntryPoint\",\"urlTemplate\":\"https:\\\/\\\/prct.es\\\/?s={search_term_string}\"},\"query-input\":{\"@type\":\"PropertyValueSpecification\",\"valueRequired\":true,\"valueName\":\"search_term_string\"}}],\"inLanguage\":\"es\"},{\"@type\":\"Organization\",\"@id\":\"https:\\\/\\\/prct.es\\\/#organization\",\"name\":\"PROFESSIONAL CLEANING TOOLS, SL\",\"url\":\"https:\\\/\\\/prct.es\\\/\",\"logo\":{\"@type\":\"ImageObject\",\"inLanguage\":\"es\",\"@id\":\"https:\\\/\\\/prct.es\\\/#\\\/schema\\\/logo\\\/image\\\/\",\"url\":\"https:\\\/\\\/prct.es\\\/wp-content\\\/uploads\\\/2023\\\/06\\\/cropped-cropped-cropped-Logo-Professional-Cleaning-Tools-copia-1-2.jpg\",\"contentUrl\":\"https:\\\/\\\/prct.es\\\/wp-content\\\/uploads\\\/2023\\\/06\\\/cropped-cropped-cropped-Logo-Professional-Cleaning-Tools-copia-1-2.jpg\",\"width\":512,\"height\":512,\"caption\":\"PROFESSIONAL CLEANING TOOLS, SL\"},\"image\":{\"@id\":\"https:\\\/\\\/prct.es\\\/#\\\/schema\\\/logo\\\/image\\\/\"},\"sameAs\":[\"https:\\\/\\\/www.instagram.com\\\/professionalcleaningtools\\\/\",\"https:\\\/\\\/www.youtube.com\\\/@ProfessionalCleaningTools\",\"https:\\\/\\\/www.facebook.com\\\/profile.php?id=61556976555601\"]}]}<\/script>\n<!-- \/ Yoast SEO plugin. -->","yoast_head_json":{"title":"MIRA ERGO - PROFESSIONAL CLEANING TOOLS, SL","description":"La nueva MIRA ERGO 40 se renueva por completo en la parte superior. Ahora tiene un mango tubular m\u00e1s tradicional lo que facilita la conducci\u00f3n de la m\u00e1quina.","robots":{"index":"index","follow":"follow","max-snippet":"max-snippet:-1","max-image-preview":"max-image-preview:large","max-video-preview":"max-video-preview:-1"},"canonical":"https:\/\/prct.es\/?page_id=347","og_locale":"es_ES","og_type":"article","og_title":"MIRA ERGO - PROFESSIONAL CLEANING TOOLS, SL","og_description":"La nueva MIRA ERGO 40 se renueva por completo en la parte superior. Ahora tiene un mango tubular m\u00e1s tradicional lo que facilita la conducci\u00f3n de la m\u00e1quina.","og_url":"https:\/\/prct.es\/?page_id=347","og_site_name":"PROFESSIONAL CLEANING TOOLS, SL","article_modified_time":"2025-03-09T20:27:55+00:00","og_image":[{"width":696,"height":873,"url":"https:\/\/prct.es\/wp-content\/uploads\/2023\/07\/MIRA-ERGO-40-6.jpg","type":"image\/jpeg"}],"twitter_card":"summary_large_image","twitter_misc":{"Tiempo de lectura":"1 minuto"},"schema":{"@context":"https:\/\/schema.org","@graph":[{"@type":"WebPage","@id":"https:\/\/prct.es\/?page_id=351","url":"https:\/\/prct.es\/?page_id=347","name":"MIRA ERGO - PROFESSIONAL CLEANING TOOLS, SL","isPartOf":{"@id":"https:\/\/prct.es\/#website"},"primaryImageOfPage":{"@id":"https:\/\/prct.es\/?page_id=347#primaryimage"},"image":{"@id":"https:\/\/prct.es\/?page_id=347#primaryimage"},"thumbnailUrl":"https:\/\/prct.es\/wp-content\/uploads\/2023\/07\/MIRA-ERGO-40-6.jpg","datePublished":"2023-07-03T15:07:45+00:00","dateModified":"2025-03-09T20:27:55+00:00","description":"La nueva MIRA ERGO 40 se renueva por completo en la parte superior. Ahora tiene un mango tubular m\u00e1s tradicional lo que facilita la conducci\u00f3n de la m\u00e1quina.","inLanguage":"es","potentialAction":[{"@type":"ReadAction","target":["https:\/\/prct.es\/?page_id=347"]}]},{"@type":"ImageObject","inLanguage":"es","@id":"https:\/\/prct.es\/?page_id=347#primaryimage","url":"https:\/\/prct.es\/wp-content\/uploads\/2023\/07\/MIRA-ERGO-40-6.jpg","contentUrl":"https:\/\/prct.es\/wp-content\/uploads\/2023\/07\/MIRA-ERGO-40-6.jpg","width":696,"height":873,"caption":"Fregadora de Suelos"},{"@type":"WebSite","@id":"https:\/\/prct.es\/#website","url":"https:\/\/prct.es\/","name":"PROFESSIONAL CLEANING TOOLS, SL","description":"M\u00e1quinas Fregadoras","publisher":{"@id":"https:\/\/prct.es\/#organization"},"alternateName":"Reparaci\u00f3n M\u00e1quinas Fregadoras","potentialAction":[{"@type":"SearchAction","target":{"@type":"EntryPoint","urlTemplate":"https:\/\/prct.es\/?s={search_term_string}"},"query-input":{"@type":"PropertyValueSpecification","valueRequired":true,"valueName":"search_term_string"}}],"inLanguage":"es"},{"@type":"Organization","@id":"https:\/\/prct.es\/#organization","name":"PROFESSIONAL CLEANING TOOLS, SL","url":"https:\/\/prct.es\/","logo":{"@type":"ImageObject","inLanguage":"es","@id":"https:\/\/prct.es\/#\/schema\/logo\/image\/","url":"https:\/\/prct.es\/wp-content\/uploads\/2023\/06\/cropped-cropped-cropped-Logo-Professional-Cleaning-Tools-copia-1-2.jpg","contentUrl":"https:\/\/prct.es\/wp-content\/uploads\/2023\/06\/cropped-cropped-cropped-Logo-Professional-Cleaning-Tools-copia-1-2.jpg","width":512,"height":512,"caption":"PROFESSIONAL CLEANING TOOLS, SL"},"image":{"@id":"https:\/\/prct.es\/#\/schema\/logo\/image\/"},"sameAs":["https:\/\/www.instagram.com\/professionalcleaningtools\/","https:\/\/www.youtube.com\/@ProfessionalCleaningTools","https:\/\/www.facebook.com\/profile.php?id=61556976555601"]}]}},"_links":{"self":[{"href":"https:\/\/prct.es\/index.php?rest_route=\/wp\/v2\/pages\/351","targetHints":{"allow":["GET"]}}],"collection":[{"href":"https:\/\/prct.es\/index.php?rest_route=\/wp\/v2\/pages"}],"about":[{"href":"https:\/\/prct.es\/index.php?rest_route=\/wp\/v2\/types\/page"}],"author":[{"embeddable":true,"href":"https:\/\/prct.es\/index.php?rest_route=\/wp\/v2\/users\/1"}],"replies":[{"embeddable":true,"href":"https:\/\/prct.es\/index.php?rest_route=%2Fwp%2Fv2%2Fcomments&post=351"}],"version-history":[{"count":3,"href":"https:\/\/prct.es\/index.php?rest_route=\/wp\/v2\/pages\/351\/revisions"}],"predecessor-version":[{"id":1907,"href":"https:\/\/prct.es\/index.php?rest_route=\/wp\/v2\/pages\/351\/revisions\/1907"}],"wp:featuredmedia":[{"embeddable":true,"href":"https:\/\/prct.es\/index.php?rest_route=\/wp\/v2\/media\/348"}],"wp:attachment":[{"href":"https:\/\/prct.es\/index.php?rest_route=%2Fwp%2Fv2%2Fmedia&parent=351"}],"curies":[{"name":"wp","href":"https:\/\/api.w.org\/{rel}","templated":true}]}}