{"id":624,"date":"2024-03-14T19:55:13","date_gmt":"2024-03-14T19:55:13","guid":{"rendered":"https:\/\/prct.es\/?page_id=624"},"modified":"2024-07-17T07:14:06","modified_gmt":"2024-07-17T07:14:06","slug":"desinfeccion-higienica","status":"publish","type":"page","link":"https:\/\/prct.es\/?page_id=624","title":{"rendered":"DESINFECCI\u00d3N"},"content":{"rendered":"","protected":false},"excerpt":{"rendered":"","protected":false},"author":1,"featured_media":0,"parent":0,"menu_order":0,"comment_status":"closed","ping_status":"closed","template":"","meta":{"footnotes":""},"class_list":["post-624","page","type-page","status-publish","hentry"],"yoast_head":"<!-- This site is optimized with the Yoast SEO plugin v27.5 - https:\/\/yoast.com\/product\/yoast-seo-wordpress\/ -->\n<title>DESINFECCI\u00d3N - PROFESSIONAL CLEANING TOOLS, SL<\/title>\n<meta name=\"description\" content=\"La M\u00e1quina Nebulizadora TVX X5 cumple todo tipo de demandas de desinfecci\u00f3n sanitaria.Es apta para la prevenci\u00f3n epid\u00e9mica y la desinfecci\u00f3n.\" \/>\n<meta name=\"robots\" content=\"index, follow, max-snippet:-1, max-image-preview:large, max-video-preview:-1\" \/>\n<link rel=\"canonical\" href=\"https:\/\/prct.es\/?page_id=624\" \/>\n<meta property=\"og:locale\" content=\"es_ES\" \/>\n<meta property=\"og:type\" content=\"article\" \/>\n<meta property=\"og:title\" content=\"DESINFECCI\u00d3N - PROFESSIONAL CLEANING TOOLS, SL\" \/>\n<meta property=\"og:description\" content=\"La M\u00e1quina Nebulizadora TVX X5 cumple todo tipo de demandas de desinfecci\u00f3n sanitaria.Es apta para la prevenci\u00f3n epid\u00e9mica y la desinfecci\u00f3n.\" \/>\n<meta property=\"og:url\" content=\"https:\/\/prct.es\/?page_id=624\" \/>\n<meta property=\"og:site_name\" content=\"PROFESSIONAL CLEANING TOOLS, SL\" \/>\n<meta property=\"article:modified_time\" content=\"2024-07-17T07:14:06+00:00\" \/>\n<meta property=\"og:image\" content=\"https:\/\/prct.es\/wp-content\/uploads\/2024\/03\/Fregadora-Taski-1900-Disco-Unico-6.png\" \/>\n\t<meta property=\"og:image:width\" content=\"783\" \/>\n\t<meta property=\"og:image:height\" content=\"462\" \/>\n\t<meta property=\"og:image:type\" content=\"image\/png\" \/>\n<meta name=\"twitter:card\" content=\"summary_large_image\" \/>\n<script type=\"application\/ld+json\" class=\"yoast-schema-graph\">{\"@context\":\"https:\\\/\\\/schema.org\",\"@graph\":[{\"@type\":\"WebPage\",\"@id\":\"https:\\\/\\\/prct.es\\\/?page_id=624\",\"url\":\"https:\\\/\\\/prct.es\\\/?page_id=624\",\"name\":\"DESINFECCI\u00d3N - PROFESSIONAL CLEANING TOOLS, SL\",\"isPartOf\":{\"@id\":\"https:\\\/\\\/prct.es\\\/#website\"},\"datePublished\":\"2024-03-14T19:55:13+00:00\",\"dateModified\":\"2024-07-17T07:14:06+00:00\",\"description\":\"La M\u00e1quina Nebulizadora TVX X5 cumple todo tipo de demandas de desinfecci\u00f3n sanitaria.Es apta para la prevenci\u00f3n epid\u00e9mica y la desinfecci\u00f3n.\",\"inLanguage\":\"es\",\"potentialAction\":[{\"@type\":\"ReadAction\",\"target\":[\"https:\\\/\\\/prct.es\\\/?page_id=624\"]}]},{\"@type\":\"WebSite\",\"@id\":\"https:\\\/\\\/prct.es\\\/#website\",\"url\":\"https:\\\/\\\/prct.es\\\/\",\"name\":\"PROFESSIONAL CLEANING TOOLS, SL\",\"description\":\"M\u00e1quinas Fregadoras\",\"publisher\":{\"@id\":\"https:\\\/\\\/prct.es\\\/#organization\"},\"alternateName\":\"Reparaci\u00f3n M\u00e1quinas Fregadoras\",\"potentialAction\":[{\"@type\":\"SearchAction\",\"target\":{\"@type\":\"EntryPoint\",\"urlTemplate\":\"https:\\\/\\\/prct.es\\\/?s={search_term_string}\"},\"query-input\":{\"@type\":\"PropertyValueSpecification\",\"valueRequired\":true,\"valueName\":\"search_term_string\"}}],\"inLanguage\":\"es\"},{\"@type\":\"Organization\",\"@id\":\"https:\\\/\\\/prct.es\\\/#organization\",\"name\":\"PROFESSIONAL CLEANING TOOLS, SL\",\"url\":\"https:\\\/\\\/prct.es\\\/\",\"logo\":{\"@type\":\"ImageObject\",\"inLanguage\":\"es\",\"@id\":\"https:\\\/\\\/prct.es\\\/#\\\/schema\\\/logo\\\/image\\\/\",\"url\":\"https:\\\/\\\/prct.es\\\/wp-content\\\/uploads\\\/2023\\\/06\\\/cropped-cropped-cropped-Logo-Professional-Cleaning-Tools-copia-1-2.jpg\",\"contentUrl\":\"https:\\\/\\\/prct.es\\\/wp-content\\\/uploads\\\/2023\\\/06\\\/cropped-cropped-cropped-Logo-Professional-Cleaning-Tools-copia-1-2.jpg\",\"width\":512,\"height\":512,\"caption\":\"PROFESSIONAL CLEANING TOOLS, SL\"},\"image\":{\"@id\":\"https:\\\/\\\/prct.es\\\/#\\\/schema\\\/logo\\\/image\\\/\"},\"sameAs\":[\"https:\\\/\\\/www.instagram.com\\\/professionalcleaningtools\\\/\",\"https:\\\/\\\/www.youtube.com\\\/@ProfessionalCleaningTools\",\"https:\\\/\\\/www.facebook.com\\\/profile.php?id=61556976555601\"]}]}<\/script>\n<!-- \/ Yoast SEO plugin. -->","yoast_head_json":{"title":"DESINFECCI\u00d3N - PROFESSIONAL CLEANING TOOLS, SL","description":"La M\u00e1quina Nebulizadora TVX X5 cumple todo tipo de demandas de desinfecci\u00f3n sanitaria.Es apta para la prevenci\u00f3n epid\u00e9mica y la desinfecci\u00f3n.","robots":{"index":"index","follow":"follow","max-snippet":"max-snippet:-1","max-image-preview":"max-image-preview:large","max-video-preview":"max-video-preview:-1"},"canonical":"https:\/\/prct.es\/?page_id=624","og_locale":"es_ES","og_type":"article","og_title":"DESINFECCI\u00d3N - PROFESSIONAL CLEANING TOOLS, SL","og_description":"La M\u00e1quina Nebulizadora TVX X5 cumple todo tipo de demandas de desinfecci\u00f3n sanitaria.Es apta para la prevenci\u00f3n epid\u00e9mica y la desinfecci\u00f3n.","og_url":"https:\/\/prct.es\/?page_id=624","og_site_name":"PROFESSIONAL CLEANING TOOLS, SL","article_modified_time":"2024-07-17T07:14:06+00:00","og_image":[{"width":783,"height":462,"url":"https:\/\/prct.es\/wp-content\/uploads\/2024\/03\/Fregadora-Taski-1900-Disco-Unico-6.png","type":"image\/png"}],"twitter_card":"summary_large_image","schema":{"@context":"https:\/\/schema.org","@graph":[{"@type":"WebPage","@id":"https:\/\/prct.es\/?page_id=624","url":"https:\/\/prct.es\/?page_id=624","name":"DESINFECCI\u00d3N - PROFESSIONAL CLEANING TOOLS, SL","isPartOf":{"@id":"https:\/\/prct.es\/#website"},"datePublished":"2024-03-14T19:55:13+00:00","dateModified":"2024-07-17T07:14:06+00:00","description":"La M\u00e1quina Nebulizadora TVX X5 cumple todo tipo de demandas de desinfecci\u00f3n sanitaria.Es apta para la prevenci\u00f3n epid\u00e9mica y la desinfecci\u00f3n.","inLanguage":"es","potentialAction":[{"@type":"ReadAction","target":["https:\/\/prct.es\/?page_id=624"]}]},{"@type":"WebSite","@id":"https:\/\/prct.es\/#website","url":"https:\/\/prct.es\/","name":"PROFESSIONAL CLEANING TOOLS, SL","description":"M\u00e1quinas Fregadoras","publisher":{"@id":"https:\/\/prct.es\/#organization"},"alternateName":"Reparaci\u00f3n M\u00e1quinas Fregadoras","potentialAction":[{"@type":"SearchAction","target":{"@type":"EntryPoint","urlTemplate":"https:\/\/prct.es\/?s={search_term_string}"},"query-input":{"@type":"PropertyValueSpecification","valueRequired":true,"valueName":"search_term_string"}}],"inLanguage":"es"},{"@type":"Organization","@id":"https:\/\/prct.es\/#organization","name":"PROFESSIONAL CLEANING TOOLS, SL","url":"https:\/\/prct.es\/","logo":{"@type":"ImageObject","inLanguage":"es","@id":"https:\/\/prct.es\/#\/schema\/logo\/image\/","url":"https:\/\/prct.es\/wp-content\/uploads\/2023\/06\/cropped-cropped-cropped-Logo-Professional-Cleaning-Tools-copia-1-2.jpg","contentUrl":"https:\/\/prct.es\/wp-content\/uploads\/2023\/06\/cropped-cropped-cropped-Logo-Professional-Cleaning-Tools-copia-1-2.jpg","width":512,"height":512,"caption":"PROFESSIONAL CLEANING TOOLS, SL"},"image":{"@id":"https:\/\/prct.es\/#\/schema\/logo\/image\/"},"sameAs":["https:\/\/www.instagram.com\/professionalcleaningtools\/","https:\/\/www.youtube.com\/@ProfessionalCleaningTools","https:\/\/www.facebook.com\/profile.php?id=61556976555601"]}]}},"_links":{"self":[{"href":"https:\/\/prct.es\/index.php?rest_route=\/wp\/v2\/pages\/624","targetHints":{"allow":["GET"]}}],"collection":[{"href":"https:\/\/prct.es\/index.php?rest_route=\/wp\/v2\/pages"}],"about":[{"href":"https:\/\/prct.es\/index.php?rest_route=\/wp\/v2\/types\/page"}],"author":[{"embeddable":true,"href":"https:\/\/prct.es\/index.php?rest_route=\/wp\/v2\/users\/1"}],"replies":[{"embeddable":true,"href":"https:\/\/prct.es\/index.php?rest_route=%2Fwp%2Fv2%2Fcomments&post=624"}],"version-history":[{"count":6,"href":"https:\/\/prct.es\/index.php?rest_route=\/wp\/v2\/pages\/624\/revisions"}],"predecessor-version":[{"id":1329,"href":"https:\/\/prct.es\/index.php?rest_route=\/wp\/v2\/pages\/624\/revisions\/1329"}],"wp:attachment":[{"href":"https:\/\/prct.es\/index.php?rest_route=%2Fwp%2Fv2%2Fmedia&parent=624"}],"curies":[{"name":"wp","href":"https:\/\/api.w.org\/{rel}","templated":true}]}}