{"id":67,"date":"2023-06-06T16:46:23","date_gmt":"2023-06-06T16:46:23","guid":{"rendered":"https:\/\/prct.es\/?page_id=67"},"modified":"2024-05-10T16:53:52","modified_gmt":"2024-05-10T16:53:52","slug":"reparacion-de-maquinas-de-fregadoras-para-suelo","status":"publish","type":"page","link":"https:\/\/prct.es\/?page_id=67","title":{"rendered":"Productos"},"content":{"rendered":"<div class=\"wp-block-image\">\n<figure class=\"aligncenter size-large is-resized\"><a href=\"https:\/\/www.youtube.com\/channel\/UC4lByAOiF6BpLOQXuzWHpPw\"><img fetchpriority=\"high\" decoding=\"async\" width=\"1024\" height=\"683\" src=\"https:\/\/prct.es\/wp-content\/uploads\/2023\/06\/Maquina-Fregadora-Taski-1900-2-1024x683.png\" alt=\"Reparaci\u00f3n M\u00e1quinas Fregadoras\" class=\"wp-image-68\" style=\"width:345px;height:230px\" srcset=\"https:\/\/prct.es\/wp-content\/uploads\/2023\/06\/Maquina-Fregadora-Taski-1900-2-1024x683.png 1024w, https:\/\/prct.es\/wp-content\/uploads\/2023\/06\/Maquina-Fregadora-Taski-1900-2-300x200.png 300w, https:\/\/prct.es\/wp-content\/uploads\/2023\/06\/Maquina-Fregadora-Taski-1900-2-768x512.png 768w, https:\/\/prct.es\/wp-content\/uploads\/2023\/06\/Maquina-Fregadora-Taski-1900-2-1536x1024.png 1536w, https:\/\/prct.es\/wp-content\/uploads\/2023\/06\/Maquina-Fregadora-Taski-1900-2-2048x1365.png 2048w\" sizes=\"(max-width: 1024px) 100vw, 1024px\" \/><\/a><\/figure>\n<\/div>\n\n\n<p class=\"has-black-color has-text-color has-link-color has-medium-font-size wp-elements-8189c0505a66cb3a1f8e87214a9df728\">NUESTRA GAMA DE PRODUCTOS COMPRENDEN:<\/p>\n\n\n\n<ul class=\"wp-block-list\">\n<li class=\"has-medium-font-size\">Reparaci\u00f3n In Situ, de maquinarias de limpieza<\/li>\n\n\n\n<li class=\"has-medium-font-size\">Presupuestos detallados sin coste a\u00f1adido<\/li>\n\n\n\n<li class=\"has-medium-font-size\">Mantenimientos programados<\/li>\n\n\n\n<li class=\"has-medium-font-size\">Formaci\u00f3n y asesoramiento sobre uso y utilizaci\u00f3n de maquinaria<\/li>\n\n\n\n<li class=\"has-medium-font-size\">Alquiler de maquinaria de limpieza\u00a0<\/li>\n\n\n\n<li class=\"has-medium-font-size\">Asesor\u00eda en maquinaria de limpieza<\/li>\n\n\n\n<li class=\"has-medium-font-size\">Venta de recambios y consumibles (motores de aspiraci\u00f3n, gomas, cepillos, pads, etc)<\/li>\n\n\n\n<li class=\"has-medium-font-size\">Taller propio<\/li>\n\n\n\n<li class=\"has-medium-font-size\">Garant\u00eda en todos nuestros productos<\/li>\n<\/ul>\n\n\n<div class=\"wp-block-image\">\n<figure class=\"aligncenter size-full\"><img decoding=\"async\" width=\"893\" height=\"93\" src=\"https:\/\/prct.es\/wp-content\/uploads\/2023\/06\/lOGO-BARRA-WEB-3.png\" alt=\"\" class=\"wp-image-84\" srcset=\"https:\/\/prct.es\/wp-content\/uploads\/2023\/06\/lOGO-BARRA-WEB-3.png 893w, https:\/\/prct.es\/wp-content\/uploads\/2023\/06\/lOGO-BARRA-WEB-3-300x31.png 300w, https:\/\/prct.es\/wp-content\/uploads\/2023\/06\/lOGO-BARRA-WEB-3-768x80.png 768w\" sizes=\"(max-width: 893px) 100vw, 893px\" \/><\/figure>\n<\/div>","protected":false},"excerpt":{"rendered":"<p>Reparamos todo tipo de M\u00e1quinas Fregadoras de Suelo<\/p>\n","protected":false},"author":1,"featured_media":458,"parent":76,"menu_order":4,"comment_status":"closed","ping_status":"closed","template":"","meta":{"footnotes":""},"class_list":["post-67","page","type-page","status-publish","has-post-thumbnail","hentry"],"yoast_head":"<!-- This site is optimized with the Yoast SEO plugin v27.5 - https:\/\/yoast.com\/product\/yoast-seo-wordpress\/ -->\n<title>Productos - PROFESSIONAL CLEANING TOOLS, SL<\/title>\n<meta name=\"description\" content=\"Estamos especializados en la reparaci\u00f3n y mantenimiento de todo tipo de m\u00e1quinas de limpieza industrial. Ofrecemos el desplazamiento hasta las instalaciones del cliente a fin de poder realizar las intervenciones requeridas, disponiendo de taller m\u00f3vil para realizar las reparaciones In Situ. Mantenimientos programados. Formaci\u00f3n y asesoramiento sobre uso y utilizaci\u00f3n de la maquinaria. Alquiler de m\u00e1quinas de limpieza.\u00a0Asesor\u00eda en maquinaria de limpieza. Venta de recambios y consumibles (motores de aspiraci\u00f3n, gomas, cepillos, pads, etc)\" \/>\n<meta name=\"robots\" content=\"index, follow, max-snippet:-1, max-image-preview:large, max-video-preview:-1\" \/>\n<link rel=\"canonical\" href=\"https:\/\/prct.es\/?page_id=67\" \/>\n<meta property=\"og:locale\" content=\"es_ES\" \/>\n<meta property=\"og:type\" content=\"article\" \/>\n<meta property=\"og:title\" content=\"Productos - PROFESSIONAL CLEANING TOOLS, SL\" \/>\n<meta property=\"og:description\" content=\"Estamos especializados en la reparaci\u00f3n y mantenimiento de todo tipo de m\u00e1quinas de limpieza industrial. Ofrecemos el desplazamiento hasta las instalaciones del cliente a fin de poder realizar las intervenciones requeridas, disponiendo de taller m\u00f3vil para realizar las reparaciones In Situ. Mantenimientos programados. Formaci\u00f3n y asesoramiento sobre uso y utilizaci\u00f3n de la maquinaria. Alquiler de m\u00e1quinas de limpieza.\u00a0Asesor\u00eda en maquinaria de limpieza. Venta de recambios y consumibles (motores de aspiraci\u00f3n, gomas, cepillos, pads, etc)\" \/>\n<meta property=\"og:url\" content=\"https:\/\/prct.es\/?page_id=67\" \/>\n<meta property=\"og:site_name\" content=\"PROFESSIONAL CLEANING TOOLS, SL\" \/>\n<meta property=\"article:modified_time\" content=\"2024-05-10T16:53:52+00:00\" \/>\n<meta property=\"og:image\" content=\"https:\/\/prct.es\/wp-content\/uploads\/2024\/02\/image.png\" \/>\n\t<meta property=\"og:image:width\" content=\"683\" \/>\n\t<meta property=\"og:image:height\" content=\"1024\" \/>\n\t<meta property=\"og:image:type\" content=\"image\/png\" \/>\n<meta name=\"twitter:card\" content=\"summary_large_image\" \/>\n<meta name=\"twitter:label1\" content=\"Tiempo de lectura\" \/>\n\t<meta name=\"twitter:data1\" content=\"1 minuto\" \/>\n<script type=\"application\/ld+json\" class=\"yoast-schema-graph\">{\"@context\":\"https:\\\/\\\/schema.org\",\"@graph\":[{\"@type\":\"WebPage\",\"@id\":\"https:\\\/\\\/prct.es\\\/?page_id=67\",\"url\":\"https:\\\/\\\/prct.es\\\/?page_id=67\",\"name\":\"Productos - PROFESSIONAL CLEANING TOOLS, SL\",\"isPartOf\":{\"@id\":\"https:\\\/\\\/prct.es\\\/#website\"},\"primaryImageOfPage\":{\"@id\":\"https:\\\/\\\/prct.es\\\/?page_id=67#primaryimage\"},\"image\":{\"@id\":\"https:\\\/\\\/prct.es\\\/?page_id=67#primaryimage\"},\"thumbnailUrl\":\"https:\\\/\\\/prct.es\\\/wp-content\\\/uploads\\\/2024\\\/02\\\/image.png\",\"datePublished\":\"2023-06-06T16:46:23+00:00\",\"dateModified\":\"2024-05-10T16:53:52+00:00\",\"description\":\"Estamos especializados en la reparaci\u00f3n y mantenimiento de todo tipo de m\u00e1quinas de limpieza industrial. Ofrecemos el desplazamiento hasta las instalaciones del cliente a fin de poder realizar las intervenciones requeridas, disponiendo de taller m\u00f3vil para realizar las reparaciones In Situ. Mantenimientos programados. Formaci\u00f3n y asesoramiento sobre uso y utilizaci\u00f3n de la maquinaria. Alquiler de m\u00e1quinas de limpieza.\u00a0Asesor\u00eda en maquinaria de limpieza. Venta de recambios y consumibles (motores de aspiraci\u00f3n, gomas, cepillos, pads, etc)\",\"breadcrumb\":{\"@id\":\"https:\\\/\\\/prct.es\\\/?page_id=67#breadcrumb\"},\"inLanguage\":\"es\",\"potentialAction\":[{\"@type\":\"ReadAction\",\"target\":[\"https:\\\/\\\/prct.es\\\/?page_id=67\"]}]},{\"@type\":\"ImageObject\",\"inLanguage\":\"es\",\"@id\":\"https:\\\/\\\/prct.es\\\/?page_id=67#primaryimage\",\"url\":\"https:\\\/\\\/prct.es\\\/wp-content\\\/uploads\\\/2024\\\/02\\\/image.png\",\"contentUrl\":\"https:\\\/\\\/prct.es\\\/wp-content\\\/uploads\\\/2024\\\/02\\\/image.png\",\"width\":683,\"height\":1024,\"caption\":\"Reparaci\u00f3n de M\u00e1quinas Fregadoras para Suelos\"},{\"@type\":\"BreadcrumbList\",\"@id\":\"https:\\\/\\\/prct.es\\\/?page_id=67#breadcrumb\",\"itemListElement\":[{\"@type\":\"ListItem\",\"position\":1,\"name\":\"Venta de M\u00e1quinas Fregadoras para Suelo\",\"item\":\"https:\\\/\\\/prct.es\\\/\"},{\"@type\":\"ListItem\",\"position\":2,\"name\":\"Reparaci\u00f3n de M\u00e1quinas de Limpieza\"}]},{\"@type\":\"WebSite\",\"@id\":\"https:\\\/\\\/prct.es\\\/#website\",\"url\":\"https:\\\/\\\/prct.es\\\/\",\"name\":\"PROFESSIONAL CLEANING TOOLS, SL\",\"description\":\"M\u00e1quinas Fregadoras\",\"publisher\":{\"@id\":\"https:\\\/\\\/prct.es\\\/#organization\"},\"alternateName\":\"Reparaci\u00f3n M\u00e1quinas Fregadoras\",\"potentialAction\":[{\"@type\":\"SearchAction\",\"target\":{\"@type\":\"EntryPoint\",\"urlTemplate\":\"https:\\\/\\\/prct.es\\\/?s={search_term_string}\"},\"query-input\":{\"@type\":\"PropertyValueSpecification\",\"valueRequired\":true,\"valueName\":\"search_term_string\"}}],\"inLanguage\":\"es\"},{\"@type\":\"Organization\",\"@id\":\"https:\\\/\\\/prct.es\\\/#organization\",\"name\":\"PROFESSIONAL CLEANING TOOLS, SL\",\"url\":\"https:\\\/\\\/prct.es\\\/\",\"logo\":{\"@type\":\"ImageObject\",\"inLanguage\":\"es\",\"@id\":\"https:\\\/\\\/prct.es\\\/#\\\/schema\\\/logo\\\/image\\\/\",\"url\":\"https:\\\/\\\/prct.es\\\/wp-content\\\/uploads\\\/2023\\\/06\\\/cropped-cropped-cropped-Logo-Professional-Cleaning-Tools-copia-1-2.jpg\",\"contentUrl\":\"https:\\\/\\\/prct.es\\\/wp-content\\\/uploads\\\/2023\\\/06\\\/cropped-cropped-cropped-Logo-Professional-Cleaning-Tools-copia-1-2.jpg\",\"width\":512,\"height\":512,\"caption\":\"PROFESSIONAL CLEANING TOOLS, SL\"},\"image\":{\"@id\":\"https:\\\/\\\/prct.es\\\/#\\\/schema\\\/logo\\\/image\\\/\"},\"sameAs\":[\"https:\\\/\\\/www.instagram.com\\\/professionalcleaningtools\\\/\",\"https:\\\/\\\/www.youtube.com\\\/@ProfessionalCleaningTools\",\"https:\\\/\\\/www.facebook.com\\\/profile.php?id=61556976555601\"]}]}<\/script>\n<!-- \/ Yoast SEO plugin. -->","yoast_head_json":{"title":"Productos - PROFESSIONAL CLEANING TOOLS, SL","description":"Estamos especializados en la reparaci\u00f3n y mantenimiento de todo tipo de m\u00e1quinas de limpieza industrial. Ofrecemos el desplazamiento hasta las instalaciones del cliente a fin de poder realizar las intervenciones requeridas, disponiendo de taller m\u00f3vil para realizar las reparaciones In Situ. Mantenimientos programados. Formaci\u00f3n y asesoramiento sobre uso y utilizaci\u00f3n de la maquinaria. Alquiler de m\u00e1quinas de limpieza.\u00a0Asesor\u00eda en maquinaria de limpieza. Venta de recambios y consumibles (motores de aspiraci\u00f3n, gomas, cepillos, pads, etc)","robots":{"index":"index","follow":"follow","max-snippet":"max-snippet:-1","max-image-preview":"max-image-preview:large","max-video-preview":"max-video-preview:-1"},"canonical":"https:\/\/prct.es\/?page_id=67","og_locale":"es_ES","og_type":"article","og_title":"Productos - PROFESSIONAL CLEANING TOOLS, SL","og_description":"Estamos especializados en la reparaci\u00f3n y mantenimiento de todo tipo de m\u00e1quinas de limpieza industrial. Ofrecemos el desplazamiento hasta las instalaciones del cliente a fin de poder realizar las intervenciones requeridas, disponiendo de taller m\u00f3vil para realizar las reparaciones In Situ. Mantenimientos programados. Formaci\u00f3n y asesoramiento sobre uso y utilizaci\u00f3n de la maquinaria. Alquiler de m\u00e1quinas de limpieza.\u00a0Asesor\u00eda en maquinaria de limpieza. Venta de recambios y consumibles (motores de aspiraci\u00f3n, gomas, cepillos, pads, etc)","og_url":"https:\/\/prct.es\/?page_id=67","og_site_name":"PROFESSIONAL CLEANING TOOLS, SL","article_modified_time":"2024-05-10T16:53:52+00:00","og_image":[{"width":683,"height":1024,"url":"https:\/\/prct.es\/wp-content\/uploads\/2024\/02\/image.png","type":"image\/png"}],"twitter_card":"summary_large_image","twitter_misc":{"Tiempo de lectura":"1 minuto"},"schema":{"@context":"https:\/\/schema.org","@graph":[{"@type":"WebPage","@id":"https:\/\/prct.es\/?page_id=67","url":"https:\/\/prct.es\/?page_id=67","name":"Productos - PROFESSIONAL CLEANING TOOLS, SL","isPartOf":{"@id":"https:\/\/prct.es\/#website"},"primaryImageOfPage":{"@id":"https:\/\/prct.es\/?page_id=67#primaryimage"},"image":{"@id":"https:\/\/prct.es\/?page_id=67#primaryimage"},"thumbnailUrl":"https:\/\/prct.es\/wp-content\/uploads\/2024\/02\/image.png","datePublished":"2023-06-06T16:46:23+00:00","dateModified":"2024-05-10T16:53:52+00:00","description":"Estamos especializados en la reparaci\u00f3n y mantenimiento de todo tipo de m\u00e1quinas de limpieza industrial. Ofrecemos el desplazamiento hasta las instalaciones del cliente a fin de poder realizar las intervenciones requeridas, disponiendo de taller m\u00f3vil para realizar las reparaciones In Situ. Mantenimientos programados. Formaci\u00f3n y asesoramiento sobre uso y utilizaci\u00f3n de la maquinaria. Alquiler de m\u00e1quinas de limpieza.\u00a0Asesor\u00eda en maquinaria de limpieza. Venta de recambios y consumibles (motores de aspiraci\u00f3n, gomas, cepillos, pads, etc)","breadcrumb":{"@id":"https:\/\/prct.es\/?page_id=67#breadcrumb"},"inLanguage":"es","potentialAction":[{"@type":"ReadAction","target":["https:\/\/prct.es\/?page_id=67"]}]},{"@type":"ImageObject","inLanguage":"es","@id":"https:\/\/prct.es\/?page_id=67#primaryimage","url":"https:\/\/prct.es\/wp-content\/uploads\/2024\/02\/image.png","contentUrl":"https:\/\/prct.es\/wp-content\/uploads\/2024\/02\/image.png","width":683,"height":1024,"caption":"Reparaci\u00f3n de M\u00e1quinas Fregadoras para Suelos"},{"@type":"BreadcrumbList","@id":"https:\/\/prct.es\/?page_id=67#breadcrumb","itemListElement":[{"@type":"ListItem","position":1,"name":"Venta de M\u00e1quinas Fregadoras para Suelo","item":"https:\/\/prct.es\/"},{"@type":"ListItem","position":2,"name":"Reparaci\u00f3n de M\u00e1quinas de Limpieza"}]},{"@type":"WebSite","@id":"https:\/\/prct.es\/#website","url":"https:\/\/prct.es\/","name":"PROFESSIONAL CLEANING TOOLS, SL","description":"M\u00e1quinas Fregadoras","publisher":{"@id":"https:\/\/prct.es\/#organization"},"alternateName":"Reparaci\u00f3n M\u00e1quinas Fregadoras","potentialAction":[{"@type":"SearchAction","target":{"@type":"EntryPoint","urlTemplate":"https:\/\/prct.es\/?s={search_term_string}"},"query-input":{"@type":"PropertyValueSpecification","valueRequired":true,"valueName":"search_term_string"}}],"inLanguage":"es"},{"@type":"Organization","@id":"https:\/\/prct.es\/#organization","name":"PROFESSIONAL CLEANING TOOLS, SL","url":"https:\/\/prct.es\/","logo":{"@type":"ImageObject","inLanguage":"es","@id":"https:\/\/prct.es\/#\/schema\/logo\/image\/","url":"https:\/\/prct.es\/wp-content\/uploads\/2023\/06\/cropped-cropped-cropped-Logo-Professional-Cleaning-Tools-copia-1-2.jpg","contentUrl":"https:\/\/prct.es\/wp-content\/uploads\/2023\/06\/cropped-cropped-cropped-Logo-Professional-Cleaning-Tools-copia-1-2.jpg","width":512,"height":512,"caption":"PROFESSIONAL CLEANING TOOLS, SL"},"image":{"@id":"https:\/\/prct.es\/#\/schema\/logo\/image\/"},"sameAs":["https:\/\/www.instagram.com\/professionalcleaningtools\/","https:\/\/www.youtube.com\/@ProfessionalCleaningTools","https:\/\/www.facebook.com\/profile.php?id=61556976555601"]}]}},"_links":{"self":[{"href":"https:\/\/prct.es\/index.php?rest_route=\/wp\/v2\/pages\/67","targetHints":{"allow":["GET"]}}],"collection":[{"href":"https:\/\/prct.es\/index.php?rest_route=\/wp\/v2\/pages"}],"about":[{"href":"https:\/\/prct.es\/index.php?rest_route=\/wp\/v2\/types\/page"}],"author":[{"embeddable":true,"href":"https:\/\/prct.es\/index.php?rest_route=\/wp\/v2\/users\/1"}],"replies":[{"embeddable":true,"href":"https:\/\/prct.es\/index.php?rest_route=%2Fwp%2Fv2%2Fcomments&post=67"}],"version-history":[{"count":5,"href":"https:\/\/prct.es\/index.php?rest_route=\/wp\/v2\/pages\/67\/revisions"}],"predecessor-version":[{"id":943,"href":"https:\/\/prct.es\/index.php?rest_route=\/wp\/v2\/pages\/67\/revisions\/943"}],"up":[{"embeddable":true,"href":"https:\/\/prct.es\/index.php?rest_route=\/wp\/v2\/pages\/76"}],"wp:featuredmedia":[{"embeddable":true,"href":"https:\/\/prct.es\/index.php?rest_route=\/wp\/v2\/media\/458"}],"wp:attachment":[{"href":"https:\/\/prct.es\/index.php?rest_route=%2Fwp%2Fv2%2Fmedia&parent=67"}],"curies":[{"name":"wp","href":"https:\/\/api.w.org\/{rel}","templated":true}]}}